{"id":5909,"date":"2023-09-11T14:33:11","date_gmt":"2023-09-11T14:33:11","guid":{"rendered":"http:\/\/www.produccion.jujuy.gob.ar\/?page_id=5909"},"modified":"2024-01-10T12:57:56","modified_gmt":"2024-01-10T12:57:56","slug":"girsar","status":"publish","type":"page","link":"http:\/\/www.produccion.jujuy.gob.ar\/?page_id=5909","title":{"rendered":"GIRSAR"},"content":{"rendered":"\t\t<div data-elementor-type=\"wp-page\" data-elementor-id=\"5909\" class=\"elementor elementor-5909\" data-elementor-settings=\"[]\">\n\t\t\t\t\t\t\t<div class=\"elementor-section-wrap\">\n\t\t\t\t\t\t\t<section class=\"elementor-section elementor-top-section elementor-element elementor-element-d1599fd elementor-section-boxed elementor-section-height-default elementor-section-height-default\" data-id=\"d1599fd\" data-element_type=\"section\">\n\t\t\t\t\t\t<div class=\"elementor-container elementor-column-gap-default\">\n\t\t\t\t\t<div class=\"elementor-column elementor-col-100 elementor-top-column elementor-element elementor-element-2f2b022\" data-id=\"2f2b022\" data-element_type=\"column\">\n\t\t\t<div class=\"elementor-widget-wrap elementor-element-populated\">\n\t\t\t\t\t\t\t\t<div class=\"elementor-element elementor-element-bcd8e48 elementor-widget elementor-widget-heading\" data-id=\"bcd8e48\" data-element_type=\"widget\" data-widget_type=\"heading.default\">\n\t\t\t\t<div class=\"elementor-widget-container\">\n\t\t\t<h2 class=\"elementor-heading-title elementor-size-default\">Llamado a licitaci\u00f3n para el programa GIRSAR<\/h2>\t\t<\/div>\n\t\t\t\t<\/div>\n\t\t\t\t\t<\/div>\n\t\t<\/div>\n\t\t\t\t\t\t\t<\/div>\n\t\t<\/section>\n\t\t\t\t<section class=\"elementor-section elementor-top-section elementor-element elementor-element-b16a4b7 elementor-section-boxed elementor-section-height-default elementor-section-height-default\" data-id=\"b16a4b7\" data-element_type=\"section\">\n\t\t\t\t\t\t<div class=\"elementor-container elementor-column-gap-default\">\n\t\t\t\t\t<div class=\"elementor-column elementor-col-100 elementor-top-column elementor-element elementor-element-a53ac61\" data-id=\"a53ac61\" data-element_type=\"column\">\n\t\t\t<div class=\"elementor-widget-wrap elementor-element-populated\">\n\t\t\t\t\t\t\t\t<div class=\"elementor-element elementor-element-3d0c243 elementor-widget elementor-widget-text-editor\" data-id=\"3d0c243\" data-element_type=\"widget\" data-widget_type=\"text-editor.default\">\n\t\t\t\t<div class=\"elementor-widget-container\">\n\t\t\t\t\t\t\t\t<!--<h5 align=\"justify\">El Ministerio de Desarrollo Econ\u00f3mico y Producci\u00f3n invita a los licitantes elegibles a presentar ofertas cerradas por la construcci\u00f3n de un matadero frigor\u00edfico (tipo \u201cC\u201d) y la ampliaci\u00f3n de los laboratorios del Centro Gen\u00e9tico El Remate y de la Estaci\u00f3n Experimental El Remate.<\/h5>-->\n<h5 align=\"justify\">La Provincia de Jujuy a trav\u00e9s del financiamiento del Banco Internacional de Reconstrucci\u00f3n y Fomento contar\u00e1 con el financiamiento para ejecutar el proyecto de \u201cFORTALECIMIENTO DE LA CADENA PRODUCTIVA DE PEQUE\u00d1OS PRODUCTORES HORT\u00cdCOLAS DE LOS VALLES JUJE\u00d1OS\u201d, en el marco del Programa GIRSAR.<\/h5>\t\t\t\t\t\t<\/div>\n\t\t\t\t<\/div>\n\t\t\t\t<div class=\"elementor-element elementor-element-1998c55 elementor-widget elementor-widget-text-editor\" data-id=\"1998c55\" data-element_type=\"widget\" data-widget_type=\"text-editor.default\">\n\t\t\t\t<div class=\"elementor-widget-container\">\n\t\t\t\t\t\t\t\t<!--<h5 align=\"justify\">Se trata del proyecto que ser\u00e1 financiado por el programa de Gesti\u00f3n Integral de Riesgos en el Sistema Agroindustrial Rural \u2013 GIRSAR, el cual contar\u00e1 con un financiamiento por convenio de pr\u00e9stamo suscrito entre la Rep\u00fablica Argentina y el Banco Internacional de Reconstrucci\u00f3n y Fomento (BIRF).<\/h5>-->\n<h5 align=\"justify\">Se convoca a las empresas constructoras licitantes a presentar ofertas cerradas para la construcci\u00f3n de:.<\/h5>\t\t\t\t\t\t<\/div>\n\t\t\t\t<\/div>\n\t\t\t\t<div class=\"elementor-element elementor-element-9eb0ace elementor-widget elementor-widget-text-editor\" data-id=\"9eb0ace\" data-element_type=\"widget\" data-widget_type=\"text-editor.default\">\n\t\t\t\t<div class=\"elementor-widget-container\">\n\t\t\t\t\t\t\t\t<h3 align=\"justify\"><span style=\"color: #f3b828;\"><u>A continuaci\u00f3n se detallan las especificaciones del proyecto:<\/u><\/span><\/h3>\t\t\t\t\t\t<\/div>\n\t\t\t\t<\/div>\n\t\t\t\t<div class=\"elementor-element elementor-element-62a8991 elementor-widget elementor-widget-text-editor\" data-id=\"62a8991\" data-element_type=\"widget\" data-widget_type=\"text-editor.default\">\n\t\t\t\t<div class=\"elementor-widget-container\">\n\t\t\t\t\t\t\t\t<!--<h5 align=\"justify\"><u>Proyecto:<\/u> programa de Gesti\u00f3n Integral de Riesgos en el Sistema Agroindustrial Rural - GIRSAR<\/h5>-->\t\t\t\t\t\t<\/div>\n\t\t\t\t<\/div>\n\t\t\t\t<div class=\"elementor-element elementor-element-f0ef36a elementor-widget elementor-widget-text-editor\" data-id=\"f0ef36a\" data-element_type=\"widget\" data-widget_type=\"text-editor.default\">\n\t\t\t\t<div class=\"elementor-widget-container\">\n\t\t\t\t\t\t\t\t<!--<h5><u>Financiamiento:<\/u>\nconvenio de pr\u00e9stamo suscrito entre la Rep\u00fablica Argentina y el Banco Internacional de Reconstrucci\u00f3n y Fomento (BIRF).<\/h5>\n<h5><u>Pa\u00eds:<\/u>\u00a0Argentina<\/h5>\n<h5><u>Pr\u00e9stamo N\u00b0:<\/u>\nfinanciamiento BIRF 8867<\/h5>\n<h5><u>Proceso N\u00b0:<\/u>\u00a0AR-UCAR-216698-CW-RFB<\/h5>\n<h5><u>Publicado el: <\/u>\u00a011\/09\/2023<\/h5>-->\n\n<h5>&#8211;\tInvernaderos : 60 naves de 3.000 m2 cada una.<\/h5>\n<h5>&#8211;\tSistema de riego por goteo para los invernaderos.<\/h5>\n<h5>&#8211;\tRefuncionalizaci\u00f3n de Canal Huanuco \u2013 Ibarra.<\/h5>\n<h5>&#8211;\tDos Tinglados: Uno de 1.600 M2 para el funcionamiento de un mercado mayorista y otro de 900 m2 para un centro de acopio, que incluye una c\u00e1mara de fr\u00edo.<\/h5>\n<!--<h5><u>Publicado el: <\/u>\u00a011\/09\/2023<\/h5>-->\t\t\t\t\t\t<\/div>\n\t\t\t\t<\/div>\n\t\t\t\t<div class=\"elementor-element elementor-element-11a493e elementor-widget elementor-widget-text-editor\" data-id=\"11a493e\" data-element_type=\"widget\" data-widget_type=\"text-editor.default\">\n\t\t\t\t<div class=\"elementor-widget-container\">\n\t\t\t\t\t\t\t\t<!--<h5 align=\"justify\">La provincia de Jujuy ha conseguido financiamiento del Banco Internacional de Reconstrucci\u00f3n y Fomento el financiamiento para llevar adelante el proyecto de \u201cDesarrollo Ganadero de la Provincia de Jujuy (Etapa 1)\u201d.<\/h5>\n<h5>Se convoca a los licitantes elegibles a presentar ofertas cerradas por la construcci\u00f3n de:<\/h5>\n<h5 align=\"justify\"><span style=\"color: #f3b828;\">\u00a0\u00a0\u00a0\u00a0\u00a0<i class=\"fas fa-check-double\"><\/i>\u00a0<\/span>\u00a0<u>Lote 1:<\/u> Un matadero frigor\u00edfico (tipo \u201cC\u201d) que cumpla con las exigencias edilicias y operativas vigentes, en la localidad de Palma Sola, Departamento Santa B\u00e1rbara, y<\/h5>\n<h5 align=\"justify\"><span style=\"color: #f3b828;\">\u00a0\u00a0\u00a0\u00a0 <i class=\"fas fa-check-double\"><\/i>\u00a0<\/span> <u>Lote 2:<\/u> La ampliaci\u00f3n de los laboratorios del Centro Gen\u00e9tico El Remate y de la Estaci\u00f3n Experimental El Remate, a trav\u00e9s de diferentes obras de infraestructura. La Estaci\u00f3n Experimental se encuentra ubicada en Ruta Provincial N\u00ba1, en el Departamento Palpal\u00e1, provincia de Jujuy.<\/h5>\n<h5 align=\"justify\">El costo estimado de la obra calculado a Mayo de 2023 es de $720.395.094,52 (Pesos setecientos veinte millones trescientos noventa y cinco mil noventa y cuatro con 52\/100 tvos.), con el siguiente desagregado:<\/h5>\n<h5 align=\"justify\">LOTE 1: $445.313.744,30 (Pesos cuatrocientos cuarenta y cinco millones trescientos trece mil setecientos cuarenta y cuatro con 30\/100 ctvos). LOTE 2: $275.081.350,22 (Pesos doscientos setenta y cinco millones ochenta y un mil trescientos cincuenta con 22\/100 ctvos). Y tienen un plazo de ejecuci\u00f3n de Lote 1: Diecis\u00e9is (16) Meses; Lote 2: Doce (12) Meses.<\/h5>-->\n<h5 align=\"justify\">El Proyecto se emplazar\u00e1 en Finca El Pongo, Perico; Dpto. El Carmen.<\/h5>\n<h5 align=\"justify\">Plazo de ejecuci\u00f3n de obras: 18 meses.<\/h5>\t\t\t\t\t\t<\/div>\n\t\t\t\t<\/div>\n\t\t\t\t<div class=\"elementor-element elementor-element-0ff5a11 elementor-widget elementor-widget-text-editor\" data-id=\"0ff5a11\" data-element_type=\"widget\" data-widget_type=\"text-editor.default\">\n\t\t\t\t<div class=\"elementor-widget-container\">\n\t\t\t\t\t\t\t\t<!--<h5 align=\"justify\">El Contratante seleccionar\u00e1 al Licitante que haya presentado la Oferta evaluada como la m\u00e1s baja y que cumpla con los requisitos, criterios de evaluaci\u00f3n y disposiciones t\u00e9cnicas dispuestas en el Pliego. Adem\u00e1s, deber\u00e1n cumplir con los criterios de calificaci\u00f3n en materia de experiencia general y espec\u00edfica, volumen promedio anual de facturaci\u00f3n y capacidad financiera que se detallan en la Solicitud de Ofertas.<\/h5>\n<h5 align=\"justify\">La contrataci\u00f3n se realizar\u00e1 mediante Licitaci\u00f3n P\u00fablica Nacional y est\u00e1 abierta a todos los Licitantes.<\/h5>\n<h5 align=\"justify\">Los licitantes elegibles interesados pueden pedir m\u00e1s informaci\u00f3n en la Secretar\u00eda de Desarrollo Productivo del Ministerio de Desarrollo Econ\u00f3mico y Producci\u00f3n de la provincia de Jujuy, al correo electr\u00f3nico oficial:<span style=\"color: #f3b828;\">\n<i class=\"fas fa-mail-bulk\"><\/i> secdp.juy@gmail.com.ar <\/span>y revisar el Documento de Pliegos de Licitaci\u00f3n en el sitio web <a href=\"http:\/\/www.produccion.jujuy.gob.ar\/\">http:\/\/www.producci\u00f3n.jujuy.gob.ar<\/a><\/h5>-->\n\n<h5 align=\"justify\">El Contratante seleccionar\u00e1 al Licitante que haya presentado la Oferta evaluada como la m\u00e1s baja y que cumpla con los requisitos, criterios de evaluaci\u00f3n y disposiciones t\u00e9cnicas dispuestas en el Pliego. Adem\u00e1s, deber\u00e1n cumplir con los criterios de calificaci\u00f3n en materia de experiencia general y espec\u00edfica, volumen promedio anual de facturaci\u00f3n y capacidad financiera que se detallan en la Solicitud de Ofertas.<\/h5>\n<h5 align=\"justify\">La contrataci\u00f3n se realizar\u00e1 mediante Licitaci\u00f3n P\u00fablica Nacional y est\u00e1 abierta a todos los Licitantes.<\/h5>\n<h5 align=\"justify\">Los licitantes elegibles interesados pueden pedir m\u00e1s informaci\u00f3n en la Secretar\u00eda de Desarrollo Productivo del Ministerio de Desarrollo Econ\u00f3mico y Producci\u00f3n de la provincia de Jujuy, al correo electr\u00f3nico oficial:<span style=\"color: #f3b828;\">\n<i class=\"fas fa-mail-bulk\"><\/i> secdp.juy@gmail.com.ar <\/span>y revisar el Documento de Pliegos de Licitaci\u00f3n en el sitio web <a href=\"http:\/\/www.produccion.jujuy.gob.ar\/\">http:\/\/www.producci\u00f3n.jujuy.gob.ar<\/a><\/h5>\t\t\t\t\t\t<\/div>\n\t\t\t\t<\/div>\n\t\t\t\t<div class=\"elementor-element elementor-element-f4dbc9a elementor-widget elementor-widget-text-editor\" data-id=\"f4dbc9a\" data-element_type=\"widget\" data-widget_type=\"text-editor.default\">\n\t\t\t\t<div class=\"elementor-widget-container\">\n\t\t\t\t\t\t\t\t<h5 align=\"justify\">Las ofertas se deben entregar, a m\u00e1s tardar, el 17 de Enero de 2024 a las 13:00 horas. Las ofertas enviadas por otros medios distintos a los definidos no ser\u00e1n aceptadas. No se aceptar\u00e1n ofertas tard\u00edas.<\/h5><h5 align=\"justify\">Las ofertas se abrir\u00e1n p\u00fablicamente, en presencia de los representantes designados por los Licitantes y de cualquier persona que decida asistir. Tambi\u00e9n, ser\u00e1 transmitida por Video Conferencia, en el domicilio consignado m\u00e1s abajo, el 18 de Enero de 2024 a las 10:30 horas.<\/h5><h3 align=\"justify\"><span style=\"color: #f3b828;\"><u>El domicilio de entrega de las ofertas es:<\/u><\/span><\/h3><h5 align=\"justify\">Mesa de Entradas de la Secretar\u00eda de Desarrollo Productivo del Ministerio de Desarrollo Econ\u00f3mico y Producci\u00f3n de la Provincia de Jujuy.<\/h5><h5 align=\"justify\">Calle Ascasubi 290 \u2013 Primer Piso, barrio Bajo La Vi\u00f1a.<\/h5><h5 align=\"justify\">C.P.: 4600 &#8211; San Salvador de Jujuy &#8211; Provincia de Jujuy &#8211; Rep\u00fablica Argentina.<\/h5>\t\t\t\t\t\t<\/div>\n\t\t\t\t<\/div>\n\t\t\t\t<div class=\"elementor-element elementor-element-8efa8a6 elementor-widget elementor-widget-text-editor\" data-id=\"8efa8a6\" data-element_type=\"widget\" data-widget_type=\"text-editor.default\">\n\t\t\t\t<div class=\"elementor-widget-container\">\n\t\t\t\t\t\t\t\t<h4 style=\"text-align: center;\"><span style=\"font-family: 'Verdana','sans-serif'; color: #133374;\"><i class=\"fas fa-calendar-alt\"><\/i> Recepci\u00f3n de ofertas hasta el 17\/01\/2024.<\/span><\/h4>\t\t\t\t\t\t<\/div>\n\t\t\t\t<\/div>\n\t\t\t\t\t<\/div>\n\t\t<\/div>\n\t\t\t\t\t\t\t<\/div>\n\t\t<\/section>\n\t\t\t\t<section class=\"elementor-section elementor-top-section elementor-element elementor-element-bda97f1 elementor-section-boxed elementor-section-height-default elementor-section-height-default\" data-id=\"bda97f1\" data-element_type=\"section\">\n\t\t\t\t\t\t<div class=\"elementor-container elementor-column-gap-default\">\n\t\t\t\t\t<div class=\"elementor-column elementor-col-16 elementor-top-column elementor-element elementor-element-bb03e87\" data-id=\"bb03e87\" data-element_type=\"column\">\n\t\t\t<div class=\"elementor-widget-wrap\">\n\t\t\t\t\t\t\t\t\t<\/div>\n\t\t<\/div>\n\t\t\t\t<div class=\"elementor-column elementor-col-16 elementor-top-column elementor-element elementor-element-8568f90\" data-id=\"8568f90\" data-element_type=\"column\">\n\t\t\t<div class=\"elementor-widget-wrap elementor-element-populated\">\n\t\t\t\t\t\t\t\t<div class=\"elementor-element elementor-element-38c284a elementor-view-stacked elementor-shape-circle elementor-position-top elementor-vertical-align-top elementor-widget elementor-widget-icon-box\" data-id=\"38c284a\" data-element_type=\"widget\" data-widget_type=\"icon-box.default\">\n\t\t\t\t<div class=\"elementor-widget-container\">\n\t\t\t\t\t<div class=\"elementor-icon-box-wrapper\">\n\t\t\t\t\t\t<div class=\"elementor-icon-box-icon\">\n\t\t\t\t<a class=\"elementor-icon elementor-animation-shrink\" href=\"http:\/\/www.produccion.jujuy.gob.ar\/wp-content\/uploads\/2023\/11\/Llamado-a-Licitacion-Girsar2.pdf\" target=\"_blank\">\n\t\t\t\t<i aria-hidden=\"true\" class=\"fas fa-bullhorn\"><\/i>\t\t\t\t<\/a>\n\t\t\t<\/div>\n\t\t\t\t\t\t<div class=\"elementor-icon-box-content\">\n\t\t\t\t<h3 class=\"elementor-icon-box-title\">\n\t\t\t\t\t<a href=\"http:\/\/www.produccion.jujuy.gob.ar\/wp-content\/uploads\/2023\/11\/Llamado-a-Licitacion-Girsar2.pdf\" target=\"_blank\"><h4><font color=black>LLAMADO A LICITACION<\/font><\/a>\n\t\t\t\t<\/h3>\n\t\t\t\t\t\t\t<\/div>\n\t\t<\/div>\n\t\t\t\t<\/div>\n\t\t\t\t<\/div>\n\t\t\t\t\t<\/div>\n\t\t<\/div>\n\t\t\t\t<div class=\"elementor-column elementor-col-16 elementor-top-column elementor-element elementor-element-0dee858\" data-id=\"0dee858\" data-element_type=\"column\">\n\t\t\t<div class=\"elementor-widget-wrap elementor-element-populated\">\n\t\t\t\t\t\t\t\t<div class=\"elementor-element elementor-element-5d340bc elementor-view-stacked elementor-shape-circle elementor-position-top elementor-vertical-align-top elementor-widget elementor-widget-icon-box\" data-id=\"5d340bc\" data-element_type=\"widget\" data-widget_type=\"icon-box.default\">\n\t\t\t\t<div class=\"elementor-widget-container\">\n\t\t\t\t\t<div class=\"elementor-icon-box-wrapper\">\n\t\t\t\t\t\t<div class=\"elementor-icon-box-icon\">\n\t\t\t\t<a class=\"elementor-icon elementor-animation-shrink\" href=\"http:\/\/www.produccion.jujuy.gob.ar\/wp-content\/uploads\/2023\/11\/PLIEGO-Fortalecimiento-de-la-Cadena-Productiva-de-Pequeno-s-Productores.pdf\" target=\"_blank\">\n\t\t\t\t<i aria-hidden=\"true\" class=\"fab fa-wpforms\"><\/i>\t\t\t\t<\/a>\n\t\t\t<\/div>\n\t\t\t\t\t\t<div class=\"elementor-icon-box-content\">\n\t\t\t\t<h3 class=\"elementor-icon-box-title\">\n\t\t\t\t\t<a href=\"http:\/\/www.produccion.jujuy.gob.ar\/wp-content\/uploads\/2023\/11\/PLIEGO-Fortalecimiento-de-la-Cadena-Productiva-de-Pequeno-s-Productores.pdf\" target=\"_blank\"><h4><font color=black>PLIEGO DE LICITACION<\/font><\/a>\n\t\t\t\t<\/h3>\n\t\t\t\t\t\t\t<\/div>\n\t\t<\/div>\n\t\t\t\t<\/div>\n\t\t\t\t<\/div>\n\t\t\t\t\t<\/div>\n\t\t<\/div>\n\t\t\t\t<div class=\"elementor-column elementor-col-16 elementor-top-column elementor-element elementor-element-83d8f59\" data-id=\"83d8f59\" data-element_type=\"column\">\n\t\t\t<div class=\"elementor-widget-wrap elementor-element-populated\">\n\t\t\t\t\t\t\t\t<div class=\"elementor-element elementor-element-c4fcf1f elementor-view-stacked elementor-shape-circle elementor-position-top elementor-vertical-align-top elementor-widget elementor-widget-icon-box\" data-id=\"c4fcf1f\" data-element_type=\"widget\" data-widget_type=\"icon-box.default\">\n\t\t\t\t<div class=\"elementor-widget-container\">\n\t\t\t\t\t<div class=\"elementor-icon-box-wrapper\">\n\t\t\t\t\t\t<div class=\"elementor-icon-box-icon\">\n\t\t\t\t<a class=\"elementor-icon elementor-animation-shrink\" href=\"http:\/\/www.produccion.jujuy.gob.ar\/wp-content\/uploads\/2023\/12\/CIRCULAR-1-Girsar.pdf\" target=\"_blank\">\n\t\t\t\t<i aria-hidden=\"true\" class=\"fas fa-clipboard-check\"><\/i>\t\t\t\t<\/a>\n\t\t\t<\/div>\n\t\t\t\t\t\t<div class=\"elementor-icon-box-content\">\n\t\t\t\t<h3 class=\"elementor-icon-box-title\">\n\t\t\t\t\t<a href=\"http:\/\/www.produccion.jujuy.gob.ar\/wp-content\/uploads\/2023\/12\/CIRCULAR-1-Girsar.pdf\" target=\"_blank\"><h4><font color=black>CIRCULAR<\/font><\/a>\n\t\t\t\t<\/h3>\n\t\t\t\t\t\t\t<\/div>\n\t\t<\/div>\n\t\t\t\t<\/div>\n\t\t\t\t<\/div>\n\t\t\t\t\t<\/div>\n\t\t<\/div>\n\t\t\t\t<div class=\"elementor-column elementor-col-16 elementor-top-column elementor-element elementor-element-8ceb1ab\" data-id=\"8ceb1ab\" data-element_type=\"column\">\n\t\t\t<div class=\"elementor-widget-wrap elementor-element-populated\">\n\t\t\t\t\t\t\t\t<div class=\"elementor-element elementor-element-d9d9be2 elementor-view-stacked elementor-shape-circle elementor-position-top elementor-vertical-align-top elementor-widget elementor-widget-icon-box\" data-id=\"d9d9be2\" data-element_type=\"widget\" data-widget_type=\"icon-box.default\">\n\t\t\t\t<div class=\"elementor-widget-container\">\n\t\t\t\t\t<div class=\"elementor-icon-box-wrapper\">\n\t\t\t\t\t\t<div class=\"elementor-icon-box-icon\">\n\t\t\t\t<a class=\"elementor-icon elementor-animation-shrink\" href=\"http:\/\/www.produccion.jujuy.gob.ar\/wp-content\/uploads\/2024\/01\/LH-CIRCULAR-ACLARATORIA-CON-CONSULTAS-N\u00b0-1.pdf\" target=\"_blank\">\n\t\t\t\t<i aria-hidden=\"true\" class=\"far fa-clipboard\"><\/i>\t\t\t\t<\/a>\n\t\t\t<\/div>\n\t\t\t\t\t\t<div class=\"elementor-icon-box-content\">\n\t\t\t\t<h3 class=\"elementor-icon-box-title\">\n\t\t\t\t\t<a href=\"http:\/\/www.produccion.jujuy.gob.ar\/wp-content\/uploads\/2024\/01\/LH-CIRCULAR-ACLARATORIA-CON-CONSULTAS-N\u00b0-1.pdf\" target=\"_blank\"><h4><font color=black>CIRCULAR ACLARATORIA<\/font><\/a>\n\t\t\t\t<\/h3>\n\t\t\t\t\t\t\t<\/div>\n\t\t<\/div>\n\t\t\t\t<\/div>\n\t\t\t\t<\/div>\n\t\t\t\t\t<\/div>\n\t\t<\/div>\n\t\t\t\t<div class=\"elementor-column elementor-col-16 elementor-top-column elementor-element elementor-element-9d63b4e\" data-id=\"9d63b4e\" data-element_type=\"column\">\n\t\t\t<div class=\"elementor-widget-wrap\">\n\t\t\t\t\t\t\t\t\t<\/div>\n\t\t<\/div>\n\t\t\t\t\t\t\t<\/div>\n\t\t<\/section>\n\t\t\t\t\t\t<\/div>\n\t\t\t\t\t<\/div>\n\t\t","protected":false},"excerpt":{"rendered":"<p>Llamado a licitaci\u00f3n para el programa GIRSAR La Provincia de Jujuy a trav\u00e9s del financiamiento del Banco Internacional de Reconstrucci\u00f3n y Fomento contar\u00e1 con el financiamiento para ejecutar el proyecto de \u201cFORTALECIMIENTO<a class=\"moretag\" href=\"http:\/\/www.produccion.jujuy.gob.ar\/?page_id=5909\">Leer m\u00e1s&#8230;<\/a><\/p>\n","protected":false},"author":1,"featured_media":0,"parent":0,"menu_order":0,"comment_status":"closed","ping_status":"closed","template":"page-sidebar.php","meta":[],"yoast_head":"<!-- This site is optimized with the Yoast SEO plugin v18.3 - https:\/\/yoast.com\/wordpress\/plugins\/seo\/ -->\n<title>GIRSAR - Ministerio de Desarrollo Econ\u00f3mico y Producci\u00f3n<\/title>\n<meta name=\"robots\" content=\"index, follow, max-snippet:-1, max-image-preview:large, max-video-preview:-1\" \/>\n<link rel=\"canonical\" href=\"https:\/\/www.produccion.jujuy.gob.ar\/?page_id=5909\" \/>\n<meta property=\"og:locale\" content=\"es_ES\" \/>\n<meta property=\"og:type\" content=\"article\" \/>\n<meta property=\"og:title\" content=\"GIRSAR - Ministerio de Desarrollo Econ\u00f3mico y Producci\u00f3n\" \/>\n<meta property=\"og:description\" content=\"Llamado a licitaci\u00f3n para el programa GIRSAR La Provincia de Jujuy a trav\u00e9s del financiamiento del Banco Internacional de Reconstrucci\u00f3n y Fomento contar\u00e1 con el financiamiento para ejecutar el proyecto de \u201cFORTALECIMIENTOLeer m\u00e1s...\" \/>\n<meta property=\"og:url\" content=\"https:\/\/www.produccion.jujuy.gob.ar\/?page_id=5909\" \/>\n<meta property=\"og:site_name\" content=\"Ministerio de Desarrollo Econ\u00f3mico y Producci\u00f3n\" \/>\n<meta property=\"article:modified_time\" content=\"2024-01-10T12:57:56+00:00\" \/>\n<meta name=\"twitter:card\" content=\"summary_large_image\" \/>\n<meta name=\"twitter:label1\" content=\"Tiempo de lectura\" \/>\n\t<meta name=\"twitter:data1\" content=\"4 minutos\" \/>\n<script type=\"application\/ld+json\" class=\"yoast-schema-graph\">{\"@context\":\"https:\/\/schema.org\",\"@graph\":[{\"@type\":\"WebSite\",\"@id\":\"http:\/\/www.produccion.jujuy.gob.ar\/#website\",\"url\":\"http:\/\/www.produccion.jujuy.gob.ar\/\",\"name\":\"Ministerio de Desarrollo Econ\u00f3mico y Producci\u00f3n\",\"description\":\"\",\"potentialAction\":[{\"@type\":\"SearchAction\",\"target\":{\"@type\":\"EntryPoint\",\"urlTemplate\":\"http:\/\/www.produccion.jujuy.gob.ar\/?s={search_term_string}\"},\"query-input\":\"required name=search_term_string\"}],\"inLanguage\":\"es\"},{\"@type\":\"WebPage\",\"@id\":\"https:\/\/www.produccion.jujuy.gob.ar\/?page_id=5909#webpage\",\"url\":\"https:\/\/www.produccion.jujuy.gob.ar\/?page_id=5909\",\"name\":\"GIRSAR - Ministerio de Desarrollo Econ\u00f3mico y Producci\u00f3n\",\"isPartOf\":{\"@id\":\"http:\/\/www.produccion.jujuy.gob.ar\/#website\"},\"datePublished\":\"2023-09-11T14:33:11+00:00\",\"dateModified\":\"2024-01-10T12:57:56+00:00\",\"breadcrumb\":{\"@id\":\"https:\/\/www.produccion.jujuy.gob.ar\/?page_id=5909#breadcrumb\"},\"inLanguage\":\"es\",\"potentialAction\":[{\"@type\":\"ReadAction\",\"target\":[\"https:\/\/www.produccion.jujuy.gob.ar\/?page_id=5909\"]}]},{\"@type\":\"BreadcrumbList\",\"@id\":\"https:\/\/www.produccion.jujuy.gob.ar\/?page_id=5909#breadcrumb\",\"itemListElement\":[{\"@type\":\"ListItem\",\"position\":1,\"name\":\"Portada\",\"item\":\"http:\/\/www.produccion.jujuy.gob.ar\/\"},{\"@type\":\"ListItem\",\"position\":2,\"name\":\"GIRSAR\"}]}]}<\/script>\n<!-- \/ Yoast SEO plugin. -->","yoast_head_json":{"title":"GIRSAR - Ministerio de Desarrollo Econ\u00f3mico y Producci\u00f3n","robots":{"index":"index","follow":"follow","max-snippet":"max-snippet:-1","max-image-preview":"max-image-preview:large","max-video-preview":"max-video-preview:-1"},"canonical":"https:\/\/www.produccion.jujuy.gob.ar\/?page_id=5909","og_locale":"es_ES","og_type":"article","og_title":"GIRSAR - Ministerio de Desarrollo Econ\u00f3mico y Producci\u00f3n","og_description":"Llamado a licitaci\u00f3n para el programa GIRSAR La Provincia de Jujuy a trav\u00e9s del financiamiento del Banco Internacional de Reconstrucci\u00f3n y Fomento contar\u00e1 con el financiamiento para ejecutar el proyecto de \u201cFORTALECIMIENTOLeer m\u00e1s...","og_url":"https:\/\/www.produccion.jujuy.gob.ar\/?page_id=5909","og_site_name":"Ministerio de Desarrollo Econ\u00f3mico y Producci\u00f3n","article_modified_time":"2024-01-10T12:57:56+00:00","twitter_card":"summary_large_image","twitter_misc":{"Tiempo de lectura":"4 minutos"},"schema":{"@context":"https:\/\/schema.org","@graph":[{"@type":"WebSite","@id":"http:\/\/www.produccion.jujuy.gob.ar\/#website","url":"http:\/\/www.produccion.jujuy.gob.ar\/","name":"Ministerio de Desarrollo Econ\u00f3mico y Producci\u00f3n","description":"","potentialAction":[{"@type":"SearchAction","target":{"@type":"EntryPoint","urlTemplate":"http:\/\/www.produccion.jujuy.gob.ar\/?s={search_term_string}"},"query-input":"required name=search_term_string"}],"inLanguage":"es"},{"@type":"WebPage","@id":"https:\/\/www.produccion.jujuy.gob.ar\/?page_id=5909#webpage","url":"https:\/\/www.produccion.jujuy.gob.ar\/?page_id=5909","name":"GIRSAR - Ministerio de Desarrollo Econ\u00f3mico y Producci\u00f3n","isPartOf":{"@id":"http:\/\/www.produccion.jujuy.gob.ar\/#website"},"datePublished":"2023-09-11T14:33:11+00:00","dateModified":"2024-01-10T12:57:56+00:00","breadcrumb":{"@id":"https:\/\/www.produccion.jujuy.gob.ar\/?page_id=5909#breadcrumb"},"inLanguage":"es","potentialAction":[{"@type":"ReadAction","target":["https:\/\/www.produccion.jujuy.gob.ar\/?page_id=5909"]}]},{"@type":"BreadcrumbList","@id":"https:\/\/www.produccion.jujuy.gob.ar\/?page_id=5909#breadcrumb","itemListElement":[{"@type":"ListItem","position":1,"name":"Portada","item":"http:\/\/www.produccion.jujuy.gob.ar\/"},{"@type":"ListItem","position":2,"name":"GIRSAR"}]}]}},"_links":{"self":[{"href":"http:\/\/www.produccion.jujuy.gob.ar\/index.php?rest_route=\/wp\/v2\/pages\/5909"}],"collection":[{"href":"http:\/\/www.produccion.jujuy.gob.ar\/index.php?rest_route=\/wp\/v2\/pages"}],"about":[{"href":"http:\/\/www.produccion.jujuy.gob.ar\/index.php?rest_route=\/wp\/v2\/types\/page"}],"author":[{"embeddable":true,"href":"http:\/\/www.produccion.jujuy.gob.ar\/index.php?rest_route=\/wp\/v2\/users\/1"}],"replies":[{"embeddable":true,"href":"http:\/\/www.produccion.jujuy.gob.ar\/index.php?rest_route=%2Fwp%2Fv2%2Fcomments&post=5909"}],"version-history":[{"count":181,"href":"http:\/\/www.produccion.jujuy.gob.ar\/index.php?rest_route=\/wp\/v2\/pages\/5909\/revisions"}],"predecessor-version":[{"id":6476,"href":"http:\/\/www.produccion.jujuy.gob.ar\/index.php?rest_route=\/wp\/v2\/pages\/5909\/revisions\/6476"}],"wp:attachment":[{"href":"http:\/\/www.produccion.jujuy.gob.ar\/index.php?rest_route=%2Fwp%2Fv2%2Fmedia&parent=5909"}],"curies":[{"name":"wp","href":"https:\/\/api.w.org\/{rel}","templated":true}]}}