{"id":7150,"date":"2024-05-02T14:48:52","date_gmt":"2024-05-02T14:48:52","guid":{"rendered":"http:\/\/www.produccion.jujuy.gob.ar\/?page_id=7150"},"modified":"2025-09-19T15:29:32","modified_gmt":"2025-09-19T15:29:32","slug":"punto-emprendedor","status":"publish","type":"page","link":"http:\/\/www.produccion.jujuy.gob.ar\/?page_id=7150","title":{"rendered":"Punto Emprendedor"},"content":{"rendered":"\t\t<div data-elementor-type=\"wp-page\" data-elementor-id=\"7150\" class=\"elementor elementor-7150\" data-elementor-settings=\"[]\">\n\t\t\t\t\t\t\t<div class=\"elementor-section-wrap\">\n\t\t\t\t\t\t\t<section class=\"elementor-section elementor-top-section elementor-element elementor-element-b33ea30 elementor-section-boxed elementor-section-height-default elementor-section-height-default\" data-id=\"b33ea30\" data-element_type=\"section\">\n\t\t\t\t\t\t<div class=\"elementor-container elementor-column-gap-default\">\n\t\t\t\t\t<div class=\"elementor-column elementor-col-100 elementor-top-column elementor-element elementor-element-d6c3b0a\" data-id=\"d6c3b0a\" data-element_type=\"column\">\n\t\t\t<div class=\"elementor-widget-wrap\">\n\t\t\t\t\t\t\t\t\t<\/div>\n\t\t<\/div>\n\t\t\t\t\t\t\t<\/div>\n\t\t<\/section>\n\t\t\t\t<section class=\"elementor-section elementor-top-section elementor-element elementor-element-e3cd0b8 elementor-section-boxed elementor-section-height-default elementor-section-height-default\" data-id=\"e3cd0b8\" data-element_type=\"section\">\n\t\t\t\t\t\t<div class=\"elementor-container elementor-column-gap-default\">\n\t\t\t\t\t<div class=\"elementor-column elementor-col-100 elementor-top-column elementor-element elementor-element-c2e3657\" data-id=\"c2e3657\" data-element_type=\"column\">\n\t\t\t<div class=\"elementor-widget-wrap elementor-element-populated\">\n\t\t\t\t\t\t\t\t<div class=\"elementor-element elementor-element-c3a621c elementor-widget elementor-widget-heading\" data-id=\"c3a621c\" data-element_type=\"widget\" data-widget_type=\"heading.default\">\n\t\t\t\t<div class=\"elementor-widget-container\">\n\t\t\t<h1 class=\"elementor-heading-title elementor-size-default\"><i class=\"fas fa-volume-up\"><\/i> ATENCI\u00d3N EMPRENDEDORES DE LA PROVINCIA!<\/h1>\t\t<\/div>\n\t\t\t\t<\/div>\n\t\t\t\t\t<\/div>\n\t\t<\/div>\n\t\t\t\t\t\t\t<\/div>\n\t\t<\/section>\n\t\t\t\t<section class=\"elementor-section elementor-top-section elementor-element elementor-element-89eb0a0 elementor-section-boxed elementor-section-height-default elementor-section-height-default\" data-id=\"89eb0a0\" data-element_type=\"section\">\n\t\t\t\t\t\t<div class=\"elementor-container elementor-column-gap-default\">\n\t\t\t\t\t<div class=\"elementor-column elementor-col-100 elementor-top-column elementor-element elementor-element-1d79beb\" data-id=\"1d79beb\" data-element_type=\"column\">\n\t\t\t<div class=\"elementor-widget-wrap elementor-element-populated\">\n\t\t\t\t\t\t\t\t<div class=\"elementor-element elementor-element-573c4d8 elementor-widget elementor-widget-text-editor\" data-id=\"573c4d8\" data-element_type=\"widget\" data-widget_type=\"text-editor.default\">\n\t\t\t\t<div class=\"elementor-widget-container\">\n\t\t\t\t\t\t\t\t<h2 align=\"center\">Ten\u00e9s un negocio y te gustar\u00eda tener un espacio de exibici\u00f3n y entrega de productos <span style=\"color: #ee7511;\"><span style=\"color: #25d366;\"><i class=\"fas fa-comment-dollar\"><\/i> 100% GRATUITO <\/span><\/span>en nuestro local <span style=\"color: #ee7511;\"><i class=\"fas fa-map-marker-alt\"><\/i> PUNTO\u00a0 EMPRENDEDOR?<\/span><\/h2>\n<h2><font color=#ffd700><i class=\"fas fa-lightbulb\"><\/i><\/font> Esta es tu oportunidad!<\/h2>\n<h3 align=\"justify\">Particip\u00e1 en nuestra convocatoria y\npodr\u00e1s ser uno de los seleccionados para mostrar y ofrecer tus productos en un lugar \u00fanico y con gran visibilidad.<\/h3>\n<h2 align=\"center\">No dejes pasar esta chance de impulsar <font color=red><i class=\"fas fa-rocket\"><\/i><\/font> tu emprendimiento o negocio. <font color=blue> <i class=\"fas fa-store\"><\/i><\/font><\/h2>\n<h3 align=\"justify\">Encontr\u00e1 toda la informaci\u00f3n en nuestra web oficial <a>www.produccion.jujuy.gob.ar <\/a>en el bot\u00f3n PUNTO\nEMPRENDEDOR.<\/h3>\n<font color=#ee7511><h2 align=\"center\">#Emprendedores\n#PuntoEmprendedor #Jujuy<\/h2><\/font>\t\t\t\t\t\t<\/div>\n\t\t\t\t<\/div>\n\t\t\t\t\t<\/div>\n\t\t<\/div>\n\t\t\t\t\t\t\t<\/div>\n\t\t<\/section>\n\t\t\t\t<section class=\"elementor-section elementor-top-section elementor-element elementor-element-2bc3004 elementor-section-boxed elementor-section-height-default elementor-section-height-default\" data-id=\"2bc3004\" data-element_type=\"section\">\n\t\t\t\t\t\t<div class=\"elementor-container elementor-column-gap-default\">\n\t\t\t\t\t<div class=\"elementor-column elementor-col-100 elementor-top-column elementor-element elementor-element-cf10491\" data-id=\"cf10491\" data-element_type=\"column\">\n\t\t\t<div class=\"elementor-widget-wrap elementor-element-populated\">\n\t\t\t\t\t\t\t\t<div class=\"elementor-element elementor-element-724851f elementor-widget-divider--view-line elementor-widget elementor-widget-divider\" data-id=\"724851f\" data-element_type=\"widget\" data-widget_type=\"divider.default\">\n\t\t\t\t<div class=\"elementor-widget-container\">\n\t\t\t\t\t<div class=\"elementor-divider\">\n\t\t\t<span class=\"elementor-divider-separator\">\n\t\t\t\t\t\t<\/span>\n\t\t<\/div>\n\t\t\t\t<\/div>\n\t\t\t\t<\/div>\n\t\t\t\t<div class=\"elementor-element elementor-element-0f3373a elementor-widget elementor-widget-heading\" data-id=\"0f3373a\" data-element_type=\"widget\" data-widget_type=\"heading.default\">\n\t\t\t\t<div class=\"elementor-widget-container\">\n\t\t\t<h1 class=\"elementor-heading-title elementor-size-default\"><i class=\"fas fa-edit\"><\/i> Post\u00falate!!<\/h1>\t\t<\/div>\n\t\t\t\t<\/div>\n\t\t\t\t\t<\/div>\n\t\t<\/div>\n\t\t\t\t\t\t\t<\/div>\n\t\t<\/section>\n\t\t\t\t<section class=\"elementor-section elementor-top-section elementor-element elementor-element-cc19dd6 elementor-section-boxed elementor-section-height-default elementor-section-height-default\" data-id=\"cc19dd6\" data-element_type=\"section\">\n\t\t\t\t\t\t<div class=\"elementor-container elementor-column-gap-default\">\n\t\t\t\t\t<div class=\"elementor-column elementor-col-33 elementor-top-column elementor-element elementor-element-895c65a\" data-id=\"895c65a\" data-element_type=\"column\">\n\t\t\t<div class=\"elementor-widget-wrap\">\n\t\t\t\t\t\t\t\t\t<\/div>\n\t\t<\/div>\n\t\t\t\t<div class=\"elementor-column elementor-col-33 elementor-top-column elementor-element elementor-element-fec8377\" data-id=\"fec8377\" data-element_type=\"column\">\n\t\t\t<div class=\"elementor-widget-wrap elementor-element-populated\">\n\t\t\t\t\t\t\t\t<div class=\"elementor-element elementor-element-a17a978 elementor-widget elementor-widget-image\" data-id=\"a17a978\" data-element_type=\"widget\" data-widget_type=\"image.default\">\n\t\t\t\t<div class=\"elementor-widget-container\">\n\t\t\t\t\t\t\t\t\t\t\t\t\t\t\t\t<a href=\"http:\/\/45.186.124.20\/agencia\/registro_emprendedor.php\" target=\"_blank\">\n\t\t\t\t\t\t\t<img width=\"604\" height=\"189\" src=\"http:\/\/www.produccion.jujuy.gob.ar\/wp-content\/uploads\/2024\/05\/PUNTOEMPRENDEDOR_1-1-1024x320.png\" class=\"attachment-large size-large\" alt=\"\" loading=\"lazy\" srcset=\"http:\/\/www.produccion.jujuy.gob.ar\/wp-content\/uploads\/2024\/05\/PUNTOEMPRENDEDOR_1-1-1024x320.png 1024w, http:\/\/www.produccion.jujuy.gob.ar\/wp-content\/uploads\/2024\/05\/PUNTOEMPRENDEDOR_1-1-300x94.png 300w, http:\/\/www.produccion.jujuy.gob.ar\/wp-content\/uploads\/2024\/05\/PUNTOEMPRENDEDOR_1-1-768x240.png 768w, http:\/\/www.produccion.jujuy.gob.ar\/wp-content\/uploads\/2024\/05\/PUNTOEMPRENDEDOR_1-1-1536x481.png 1536w, http:\/\/www.produccion.jujuy.gob.ar\/wp-content\/uploads\/2024\/05\/PUNTOEMPRENDEDOR_1-1.png 1921w\" sizes=\"(max-width: 604px) 100vw, 604px\" \/>\t\t\t\t\t\t\t\t<\/a>\n\t\t\t\t\t\t\t\t\t\t\t\t\t\t\t<\/div>\n\t\t\t\t<\/div>\n\t\t\t\t\t<\/div>\n\t\t<\/div>\n\t\t\t\t<div class=\"elementor-column elementor-col-33 elementor-top-column elementor-element elementor-element-58d6745\" data-id=\"58d6745\" data-element_type=\"column\">\n\t\t\t<div class=\"elementor-widget-wrap\">\n\t\t\t\t\t\t\t\t\t<\/div>\n\t\t<\/div>\n\t\t\t\t\t\t\t<\/div>\n\t\t<\/section>\n\t\t\t\t<section class=\"elementor-section elementor-top-section elementor-element elementor-element-e326625 elementor-section-boxed elementor-section-height-default elementor-section-height-default\" data-id=\"e326625\" data-element_type=\"section\">\n\t\t\t\t\t\t<div class=\"elementor-container elementor-column-gap-default\">\n\t\t\t\t\t<div class=\"elementor-column elementor-col-33 elementor-top-column elementor-element elementor-element-960b234\" data-id=\"960b234\" data-element_type=\"column\">\n\t\t\t<div class=\"elementor-widget-wrap elementor-element-populated\">\n\t\t\t\t\t\t\t\t<div class=\"elementor-element elementor-element-3c1be6f elementor-view-default elementor-widget elementor-widget-icon\" data-id=\"3c1be6f\" data-element_type=\"widget\" data-widget_type=\"icon.default\">\n\t\t\t\t<div class=\"elementor-widget-container\">\n\t\t\t\t\t<div class=\"elementor-icon-wrapper\">\n\t\t\t<a class=\"elementor-icon elementor-animation-pulse\" href=\"http:\/\/www.produccion.jujuy.gob.ar\/wp-content\/uploads\/2025\/09\/Resolucion-Pto-Emprendedor.pdf\" target=\"_blank\">\n\t\t\t<i aria-hidden=\"true\" class=\"far fa-eye\"><\/i>\t\t\t<\/a>\n\t\t<\/div>\n\t\t\t\t<\/div>\n\t\t\t\t<\/div>\n\t\t\t\t<div class=\"elementor-element elementor-element-11a8b3c elementor-widget elementor-widget-text-editor\" data-id=\"11a8b3c\" data-element_type=\"widget\" data-widget_type=\"text-editor.default\">\n\t\t\t\t<div class=\"elementor-widget-container\">\n\t\t\t\t\t\t\t\t<h4>Ver Condiciones<\/h4>\t\t\t\t\t\t<\/div>\n\t\t\t\t<\/div>\n\t\t\t\t\t<\/div>\n\t\t<\/div>\n\t\t\t\t<div class=\"elementor-column elementor-col-33 elementor-top-column elementor-element elementor-element-4c3c9c7\" data-id=\"4c3c9c7\" data-element_type=\"column\">\n\t\t\t<div class=\"elementor-widget-wrap\">\n\t\t\t\t\t\t\t\t\t<\/div>\n\t\t<\/div>\n\t\t\t\t<div class=\"elementor-column elementor-col-33 elementor-top-column elementor-element elementor-element-0cb24fa\" data-id=\"0cb24fa\" data-element_type=\"column\">\n\t\t\t<div class=\"elementor-widget-wrap\">\n\t\t\t\t\t\t\t\t\t<\/div>\n\t\t<\/div>\n\t\t\t\t\t\t\t<\/div>\n\t\t<\/section>\n\t\t\t\t<section class=\"elementor-section elementor-top-section elementor-element elementor-element-6a43fc6 elementor-hidden-desktop elementor-hidden-tablet elementor-hidden-phone elementor-section-boxed elementor-section-height-default elementor-section-height-default\" data-id=\"6a43fc6\" data-element_type=\"section\">\n\t\t\t\t\t\t<div class=\"elementor-container elementor-column-gap-default\">\n\t\t\t\t\t<div class=\"elementor-column elementor-col-100 elementor-top-column elementor-element elementor-element-48e8ba6\" data-id=\"48e8ba6\" data-element_type=\"column\">\n\t\t\t<div class=\"elementor-widget-wrap elementor-element-populated\">\n\t\t\t\t\t\t\t\t<div class=\"elementor-element elementor-element-6bbe34c elementor-widget elementor-widget-spacer\" data-id=\"6bbe34c\" data-element_type=\"widget\" data-widget_type=\"spacer.default\">\n\t\t\t\t<div class=\"elementor-widget-container\">\n\t\t\t\t\t<div class=\"elementor-spacer\">\n\t\t\t<div class=\"elementor-spacer-inner\"><\/div>\n\t\t<\/div>\n\t\t\t\t<\/div>\n\t\t\t\t<\/div>\n\t\t\t\t<div class=\"elementor-element elementor-element-e5c00e2 elementor-widget elementor-widget-heading\" data-id=\"e5c00e2\" data-element_type=\"widget\" data-widget_type=\"heading.default\">\n\t\t\t\t<div class=\"elementor-widget-container\">\n\t\t\t<h2 class=\"elementor-heading-title elementor-size-default\">NOS ENCONTRAMOS<\/h2>\t\t<\/div>\n\t\t\t\t<\/div>\n\t\t\t\t<div class=\"elementor-element elementor-element-e0e4a57 elementor-widget elementor-widget-html\" data-id=\"e0e4a57\" data-element_type=\"widget\" data-widget_type=\"html.default\">\n\t\t\t\t<div class=\"elementor-widget-container\">\n\t\t\t<iframe src=\"https:\/\/www.google.com\/maps\/embed?pb=!1m28!1m12!1m3!1d116482.41183678673!2d-65.40118719450167!3d-24.16908936524674!2m3!1f0!2f0!3f0!3m2!1i1024!2i768!4f13.1!4m13!3e6!4m5!1s0x941b0f0f2f2b98a3%3A0x9ba8af899d74bc4c!2sPASEO%20LA%20RIVERA%2C%20Avenida%20Doctor%20Arturo%20Illia%2C%20San%20Salvador%20de%20Jujuy%2C%20Jujuy%20Province!3m2!1d-24.169099!2d-65.3187808!4m5!1s0x941b0f0f2f2b98a3%3A0x9ba8af899d74bc4c!2sAv.%20Dr.%20Arturo%20Illia%20426%2C%20Y4600%20San%20Salvador%20de%20Jujuy%2C%20Jujuy!3m2!1d-24.169099!2d-65.3187808!5e0!3m2!1ses-419!2sar!4v1714734677337!5m2!1ses-419!2sar\" width=\"400\" height=\"400\" style=\"border:0;\" allowfullscreen=\"\" loading=\"lazy\" referrerpolicy=\"no-referrer-when-downgrade\"><\/iframe>\t\t<\/div>\n\t\t\t\t<\/div>\n\t\t\t\t\t<\/div>\n\t\t<\/div>\n\t\t\t\t\t\t\t<\/div>\n\t\t<\/section>\n\t\t\t\t\t\t<\/div>\n\t\t\t\t\t<\/div>\n\t\t","protected":false},"excerpt":{"rendered":"<p>ATENCI\u00d3N EMPRENDEDORES DE LA PROVINCIA! Ten\u00e9s un negocio y te gustar\u00eda tener un espacio de exibici\u00f3n y entrega de productos 100% GRATUITO en nuestro local PUNTO\u00a0 EMPRENDEDOR? Esta es tu oportunidad! Particip\u00e1<a class=\"moretag\" href=\"http:\/\/www.produccion.jujuy.gob.ar\/?page_id=7150\">Leer m\u00e1s&#8230;<\/a><\/p>\n","protected":false},"author":1,"featured_media":0,"parent":0,"menu_order":0,"comment_status":"closed","ping_status":"closed","template":"page-sidebar.php","meta":[],"yoast_head":"<!-- This site is optimized with the Yoast SEO plugin v18.3 - https:\/\/yoast.com\/wordpress\/plugins\/seo\/ -->\n<title>Punto Emprendedor - Ministerio de Desarrollo Econ\u00f3mico y Producci\u00f3n<\/title>\n<meta name=\"robots\" content=\"index, follow, max-snippet:-1, max-image-preview:large, max-video-preview:-1\" \/>\n<link rel=\"canonical\" href=\"http:\/\/www.produccion.jujuy.gob.ar\/?page_id=7150\" \/>\n<meta property=\"og:locale\" content=\"es_ES\" \/>\n<meta property=\"og:type\" content=\"article\" \/>\n<meta property=\"og:title\" content=\"Punto Emprendedor - Ministerio de Desarrollo Econ\u00f3mico y Producci\u00f3n\" \/>\n<meta property=\"og:description\" content=\"ATENCI\u00d3N EMPRENDEDORES DE LA PROVINCIA! Ten\u00e9s un negocio y te gustar\u00eda tener un espacio de exibici\u00f3n y entrega de productos 100% GRATUITO en nuestro local PUNTO\u00a0 EMPRENDEDOR? Esta es tu oportunidad! Particip\u00e1Leer m\u00e1s...\" \/>\n<meta property=\"og:url\" content=\"http:\/\/www.produccion.jujuy.gob.ar\/?page_id=7150\" \/>\n<meta property=\"og:site_name\" content=\"Ministerio de Desarrollo Econ\u00f3mico y Producci\u00f3n\" \/>\n<meta property=\"article:modified_time\" content=\"2025-09-19T15:29:32+00:00\" \/>\n<meta property=\"og:image\" content=\"http:\/\/www.produccion.jujuy.gob.ar\/wp-content\/uploads\/2024\/05\/PUNTOEMPRENDEDOR_1-1-1024x320.png\" \/>\n<meta name=\"twitter:card\" content=\"summary_large_image\" \/>\n<meta name=\"twitter:label1\" content=\"Tiempo de lectura\" \/>\n\t<meta name=\"twitter:data1\" content=\"1 minuto\" \/>\n<script type=\"application\/ld+json\" class=\"yoast-schema-graph\">{\"@context\":\"https:\/\/schema.org\",\"@graph\":[{\"@type\":\"WebSite\",\"@id\":\"http:\/\/www.produccion.jujuy.gob.ar\/#website\",\"url\":\"http:\/\/www.produccion.jujuy.gob.ar\/\",\"name\":\"Ministerio de Desarrollo Econ\u00f3mico y Producci\u00f3n\",\"description\":\"\",\"potentialAction\":[{\"@type\":\"SearchAction\",\"target\":{\"@type\":\"EntryPoint\",\"urlTemplate\":\"http:\/\/www.produccion.jujuy.gob.ar\/?s={search_term_string}\"},\"query-input\":\"required name=search_term_string\"}],\"inLanguage\":\"es\"},{\"@type\":\"ImageObject\",\"@id\":\"http:\/\/www.produccion.jujuy.gob.ar\/?page_id=7150#primaryimage\",\"inLanguage\":\"es\",\"url\":\"http:\/\/www.produccion.jujuy.gob.ar\/wp-content\/uploads\/2024\/05\/PUNTOEMPRENDEDOR_1-1.png\",\"contentUrl\":\"http:\/\/www.produccion.jujuy.gob.ar\/wp-content\/uploads\/2024\/05\/PUNTOEMPRENDEDOR_1-1.png\",\"width\":1921,\"height\":601},{\"@type\":\"WebPage\",\"@id\":\"http:\/\/www.produccion.jujuy.gob.ar\/?page_id=7150#webpage\",\"url\":\"http:\/\/www.produccion.jujuy.gob.ar\/?page_id=7150\",\"name\":\"Punto Emprendedor - Ministerio de Desarrollo Econ\u00f3mico y Producci\u00f3n\",\"isPartOf\":{\"@id\":\"http:\/\/www.produccion.jujuy.gob.ar\/#website\"},\"primaryImageOfPage\":{\"@id\":\"http:\/\/www.produccion.jujuy.gob.ar\/?page_id=7150#primaryimage\"},\"datePublished\":\"2024-05-02T14:48:52+00:00\",\"dateModified\":\"2025-09-19T15:29:32+00:00\",\"breadcrumb\":{\"@id\":\"http:\/\/www.produccion.jujuy.gob.ar\/?page_id=7150#breadcrumb\"},\"inLanguage\":\"es\",\"potentialAction\":[{\"@type\":\"ReadAction\",\"target\":[\"http:\/\/www.produccion.jujuy.gob.ar\/?page_id=7150\"]}]},{\"@type\":\"BreadcrumbList\",\"@id\":\"http:\/\/www.produccion.jujuy.gob.ar\/?page_id=7150#breadcrumb\",\"itemListElement\":[{\"@type\":\"ListItem\",\"position\":1,\"name\":\"Portada\",\"item\":\"http:\/\/www.produccion.jujuy.gob.ar\/\"},{\"@type\":\"ListItem\",\"position\":2,\"name\":\"Punto Emprendedor\"}]}]}<\/script>\n<!-- \/ Yoast SEO plugin. -->","yoast_head_json":{"title":"Punto Emprendedor - Ministerio de Desarrollo Econ\u00f3mico y Producci\u00f3n","robots":{"index":"index","follow":"follow","max-snippet":"max-snippet:-1","max-image-preview":"max-image-preview:large","max-video-preview":"max-video-preview:-1"},"canonical":"http:\/\/www.produccion.jujuy.gob.ar\/?page_id=7150","og_locale":"es_ES","og_type":"article","og_title":"Punto Emprendedor - Ministerio de Desarrollo Econ\u00f3mico y Producci\u00f3n","og_description":"ATENCI\u00d3N EMPRENDEDORES DE LA PROVINCIA! Ten\u00e9s un negocio y te gustar\u00eda tener un espacio de exibici\u00f3n y entrega de productos 100% GRATUITO en nuestro local PUNTO\u00a0 EMPRENDEDOR? Esta es tu oportunidad! Particip\u00e1Leer m\u00e1s...","og_url":"http:\/\/www.produccion.jujuy.gob.ar\/?page_id=7150","og_site_name":"Ministerio de Desarrollo Econ\u00f3mico y Producci\u00f3n","article_modified_time":"2025-09-19T15:29:32+00:00","og_image":[{"url":"http:\/\/www.produccion.jujuy.gob.ar\/wp-content\/uploads\/2024\/05\/PUNTOEMPRENDEDOR_1-1-1024x320.png"}],"twitter_card":"summary_large_image","twitter_misc":{"Tiempo de lectura":"1 minuto"},"schema":{"@context":"https:\/\/schema.org","@graph":[{"@type":"WebSite","@id":"http:\/\/www.produccion.jujuy.gob.ar\/#website","url":"http:\/\/www.produccion.jujuy.gob.ar\/","name":"Ministerio de Desarrollo Econ\u00f3mico y Producci\u00f3n","description":"","potentialAction":[{"@type":"SearchAction","target":{"@type":"EntryPoint","urlTemplate":"http:\/\/www.produccion.jujuy.gob.ar\/?s={search_term_string}"},"query-input":"required name=search_term_string"}],"inLanguage":"es"},{"@type":"ImageObject","@id":"http:\/\/www.produccion.jujuy.gob.ar\/?page_id=7150#primaryimage","inLanguage":"es","url":"http:\/\/www.produccion.jujuy.gob.ar\/wp-content\/uploads\/2024\/05\/PUNTOEMPRENDEDOR_1-1.png","contentUrl":"http:\/\/www.produccion.jujuy.gob.ar\/wp-content\/uploads\/2024\/05\/PUNTOEMPRENDEDOR_1-1.png","width":1921,"height":601},{"@type":"WebPage","@id":"http:\/\/www.produccion.jujuy.gob.ar\/?page_id=7150#webpage","url":"http:\/\/www.produccion.jujuy.gob.ar\/?page_id=7150","name":"Punto Emprendedor - Ministerio de Desarrollo Econ\u00f3mico y Producci\u00f3n","isPartOf":{"@id":"http:\/\/www.produccion.jujuy.gob.ar\/#website"},"primaryImageOfPage":{"@id":"http:\/\/www.produccion.jujuy.gob.ar\/?page_id=7150#primaryimage"},"datePublished":"2024-05-02T14:48:52+00:00","dateModified":"2025-09-19T15:29:32+00:00","breadcrumb":{"@id":"http:\/\/www.produccion.jujuy.gob.ar\/?page_id=7150#breadcrumb"},"inLanguage":"es","potentialAction":[{"@type":"ReadAction","target":["http:\/\/www.produccion.jujuy.gob.ar\/?page_id=7150"]}]},{"@type":"BreadcrumbList","@id":"http:\/\/www.produccion.jujuy.gob.ar\/?page_id=7150#breadcrumb","itemListElement":[{"@type":"ListItem","position":1,"name":"Portada","item":"http:\/\/www.produccion.jujuy.gob.ar\/"},{"@type":"ListItem","position":2,"name":"Punto Emprendedor"}]}]}},"_links":{"self":[{"href":"http:\/\/www.produccion.jujuy.gob.ar\/index.php?rest_route=\/wp\/v2\/pages\/7150"}],"collection":[{"href":"http:\/\/www.produccion.jujuy.gob.ar\/index.php?rest_route=\/wp\/v2\/pages"}],"about":[{"href":"http:\/\/www.produccion.jujuy.gob.ar\/index.php?rest_route=\/wp\/v2\/types\/page"}],"author":[{"embeddable":true,"href":"http:\/\/www.produccion.jujuy.gob.ar\/index.php?rest_route=\/wp\/v2\/users\/1"}],"replies":[{"embeddable":true,"href":"http:\/\/www.produccion.jujuy.gob.ar\/index.php?rest_route=%2Fwp%2Fv2%2Fcomments&post=7150"}],"version-history":[{"count":137,"href":"http:\/\/www.produccion.jujuy.gob.ar\/index.php?rest_route=\/wp\/v2\/pages\/7150\/revisions"}],"predecessor-version":[{"id":10316,"href":"http:\/\/www.produccion.jujuy.gob.ar\/index.php?rest_route=\/wp\/v2\/pages\/7150\/revisions\/10316"}],"wp:attachment":[{"href":"http:\/\/www.produccion.jujuy.gob.ar\/index.php?rest_route=%2Fwp%2Fv2%2Fmedia&parent=7150"}],"curies":[{"name":"wp","href":"https:\/\/api.w.org\/{rel}","templated":true}]}}