{"id":7496,"date":"2024-06-28T15:52:49","date_gmt":"2024-06-28T15:52:49","guid":{"rendered":"http:\/\/www.produccion.jujuy.gob.ar\/?page_id=7496"},"modified":"2024-07-31T14:04:15","modified_gmt":"2024-07-31T14:04:15","slug":"potenciar-industria","status":"publish","type":"page","link":"https:\/\/www.produccion.jujuy.gob.ar\/?page_id=7496","title":{"rendered":"Potenciar Industria"},"content":{"rendered":"\t\t<div data-elementor-type=\"wp-page\" data-elementor-id=\"7496\" class=\"elementor elementor-7496\" data-elementor-settings=\"[]\">\n\t\t\t\t\t\t\t<div class=\"elementor-section-wrap\">\n\t\t\t\t\t\t\t<section class=\"elementor-section elementor-top-section elementor-element elementor-element-1dd417f elementor-section-boxed elementor-section-height-default elementor-section-height-default\" data-id=\"1dd417f\" data-element_type=\"section\">\n\t\t\t\t\t\t<div class=\"elementor-container elementor-column-gap-default\">\n\t\t\t\t\t<div class=\"elementor-column elementor-col-100 elementor-top-column elementor-element elementor-element-c4f2ef4\" data-id=\"c4f2ef4\" data-element_type=\"column\">\n\t\t\t<div class=\"elementor-widget-wrap elementor-element-populated\">\n\t\t\t\t\t\t\t\t<div class=\"elementor-element elementor-element-d3ce542 elementor-widget elementor-widget-heading\" data-id=\"d3ce542\" data-element_type=\"widget\" data-widget_type=\"heading.default\">\n\t\t\t\t<div class=\"elementor-widget-container\">\n\t\t\t<h2 class=\"elementor-heading-title elementor-size-default\">BENEFICIOS DE LA LINEA DE CREDITOS POTENCIAR INDUSTRIA JUJUY<\/h2>\t\t<\/div>\n\t\t\t\t<\/div>\n\t\t\t\t\t<\/div>\n\t\t<\/div>\n\t\t\t\t\t\t\t<\/div>\n\t\t<\/section>\n\t\t\t\t<section class=\"elementor-section elementor-top-section elementor-element elementor-element-e6a8fc7 elementor-section-boxed elementor-section-height-default elementor-section-height-default\" data-id=\"e6a8fc7\" data-element_type=\"section\">\n\t\t\t\t\t\t<div class=\"elementor-container elementor-column-gap-default\">\n\t\t\t\t\t<div class=\"elementor-column elementor-col-100 elementor-top-column elementor-element elementor-element-2734720\" data-id=\"2734720\" data-element_type=\"column\">\n\t\t\t<div class=\"elementor-widget-wrap elementor-element-populated\">\n\t\t\t\t\t\t\t\t<div class=\"elementor-element elementor-element-d756bb6 elementor-widget elementor-widget-text-editor\" data-id=\"d756bb6\" data-element_type=\"widget\" data-widget_type=\"text-editor.default\">\n\t\t\t\t<div class=\"elementor-widget-container\">\n\t\t\t\t\t\t\t\t<h5 align=\"justify\">El reciente convenio celebrado entre la Provincia de Jujuy y el Banco de la Naci\u00f3n Argentina, tiene como objetivo potenciar las Micro, Peque\u00f1as y Medianas Empresas, poniendo a disposici\u00f3n esta nueva herramienta financiera <span style=\"color: #ee7511; font-size: x-large;\"> \u201cPOTENCIAR INDUSTRIA JUJUY\u201d <\/span>que contar\u00e1 con un fondeo de <span style=\"color: #ee7511; font-size: large;\">$4.000.000.000 (cuatro mil millones de pesos)<\/span> destinado a potenciar el sector industrial, crecimiento econ\u00f3mico y a generar fuentes de trabajo genuino en la Provincia.<\/h5><h5 align=\"justify\">Monto m\u00e1ximo de adjudicaci\u00f3n por empresa $ 200.000.000.<\/h5>\t\t\t\t\t\t<\/div>\n\t\t\t\t<\/div>\n\t\t\t\t\t<\/div>\n\t\t<\/div>\n\t\t\t\t\t\t\t<\/div>\n\t\t<\/section>\n\t\t\t\t<section class=\"elementor-section elementor-top-section elementor-element elementor-element-983b963 elementor-section-boxed elementor-section-height-default elementor-section-height-default\" data-id=\"983b963\" data-element_type=\"section\">\n\t\t\t\t\t\t<div class=\"elementor-container elementor-column-gap-default\">\n\t\t\t\t\t<div class=\"elementor-column elementor-col-100 elementor-top-column elementor-element elementor-element-2aba26f\" data-id=\"2aba26f\" data-element_type=\"column\">\n\t\t\t<div class=\"elementor-widget-wrap elementor-element-populated\">\n\t\t\t\t\t\t\t\t<div class=\"elementor-element elementor-element-754b678 elementor-widget elementor-widget-text-editor\" data-id=\"754b678\" data-element_type=\"widget\" data-widget_type=\"text-editor.default\">\n\t\t\t\t<div class=\"elementor-widget-container\">\n\t\t\t\t\t\t\t\t<h6 align=\"justify\"><strong><span style=\"color: #ee7511; font-size: large;\"> <i class=\"fas fa-check\"><\/i> \u00a0\u00a0\u00a0<u>Destinada a:<\/u><\/span><\/strong> \u00a0\u00a0Mipymes &#8211; micro- peque\u00f1as y medianas empresas del sector econ\u00f3mico.<\/h6>\n<h6 align=\"justify\"><strong> <span style=\"color: #ee7511; font-size: large;\"> <i class=\"fas fa-check\"><\/i> \u00a0\u00a0\u00a0<u>Tasas:<\/u><\/span><\/strong> \u00a0\u00a0Fija primeros 12 meses &#8211; BADLAR el resto de la vida \u00fatil del cr\u00e9dito.<\/h6>\n<h6 align=\"justify\"><strong> <span style=\"color: #ee7511; font-size: large;\"> <i class=\"fas fa-check\"><\/i> \u00a0\u00a0\u00a0<u>Bonificaci\u00f3n:<\/u><\/span><\/strong> \u00a0\u00a0de Hasta el 5 % a cargo de la Provincia primeros 24 meses.<\/h6>\n<h6 align=\"justify\"><strong> <span style=\"color: #ee7511; font-size: large;\"> <i class=\"fas fa-check\"><\/i> \u00a0\u00a0\u00a0<u>Modalidad:<\/u><\/span><\/strong> \u00a0\u00a0En Pesos.<\/h6>\n<h6 align=\"justify\"><strong> <span style=\"color: #ee7511; font-size: large;\"> <i class=\"fas fa-check\"><\/i> \u00a0\u00a0\u00a0<u>Destino:<\/u><\/span><\/strong> \u00a0\u00a0Bienes de capital, capital de trabajo oriento a actividades productivas.<\/h6>\n<h6 align=\"justify\"><strong> <span style=\"color: #ee7511; font-size: large;\"> <i class=\"fas fa-check\"><\/i> \u00a0\u00a0\u00a0<u>Prioritarios:<\/u><\/span><\/strong> \u00a0\u00a0Proyectos de Inversi\u00f3n destinados a Parques Industriales, Zona Franca y\/o Proveeedores Mineros.<\/h6>\n\n<h6 align=\"justify\"><strong> <span style=\"color: #ee7511; font-size: large;\"> <i class=\"fas fa-check\"><\/i> \u00a0\u00a0\u00a0<u>Amortizaci\u00f3n:<\/u><\/span><\/strong> \u00a0\u00a0Sistema Alem\u00e1n con Periodicidad Mensual, Trimestral o Semestral, de acuerdo al flujo de fondos del solicitante.<\/h6>\n<h6 align=\"justify\"><strong> <span style=\"color: #ee7511; font-size: large;\"> <i class=\"fas fa-check\"><\/i> \u00a0\u00a0\u00a0<u>Periodo de Gracia:<\/u> <\/span><\/strong> \u00a0\u00a0Hasta 6 meses exclusivamente para capital y en el caso que el destino sea inversiones. No habr\u00e1 periodo de gracia para capital de trabajo.<\/h6>\t\t\t\t\t\t<\/div>\n\t\t\t\t<\/div>\n\t\t\t\t\t<\/div>\n\t\t<\/div>\n\t\t\t\t\t\t\t<\/div>\n\t\t<\/section>\n\t\t\t\t<section class=\"elementor-section elementor-top-section elementor-element elementor-element-a309969 elementor-section-boxed elementor-section-height-default elementor-section-height-default\" data-id=\"a309969\" data-element_type=\"section\">\n\t\t\t\t\t\t<div class=\"elementor-container elementor-column-gap-default\">\n\t\t\t\t\t<div class=\"elementor-column elementor-col-33 elementor-top-column elementor-element elementor-element-1d1075f\" data-id=\"1d1075f\" data-element_type=\"column\">\n\t\t\t<div class=\"elementor-widget-wrap\">\n\t\t\t\t\t\t\t\t\t<\/div>\n\t\t<\/div>\n\t\t\t\t<div class=\"elementor-column elementor-col-33 elementor-top-column elementor-element elementor-element-125fef5\" data-id=\"125fef5\" data-element_type=\"column\">\n\t\t\t<div class=\"elementor-widget-wrap elementor-element-populated\">\n\t\t\t\t\t\t\t\t<div class=\"elementor-element elementor-element-344489f elementor-view-default elementor-position-top elementor-vertical-align-top elementor-widget elementor-widget-icon-box\" data-id=\"344489f\" data-element_type=\"widget\" data-widget_type=\"icon-box.default\">\n\t\t\t\t<div class=\"elementor-widget-container\">\n\t\t\t\t\t<div class=\"elementor-icon-box-wrapper\">\n\t\t\t\t\t\t<div class=\"elementor-icon-box-icon\">\n\t\t\t\t<a class=\"elementor-icon elementor-animation-pulse\" href=\"http:\/\/45.186.124.20\/agencia\/frm-potenciar-ind.php\">\n\t\t\t\t<i aria-hidden=\"true\" class=\"fas fa-user-edit\"><\/i>\t\t\t\t<\/a>\n\t\t\t<\/div>\n\t\t\t\t\t\t<div class=\"elementor-icon-box-content\">\n\t\t\t\t<h3 class=\"elementor-icon-box-title\">\n\t\t\t\t\t<a href=\"http:\/\/45.186.124.20\/agencia\/frm-potenciar-ind.php\">Formulario<\/a>\n\t\t\t\t<\/h3>\n\t\t\t\t\t\t\t<\/div>\n\t\t<\/div>\n\t\t\t\t<\/div>\n\t\t\t\t<\/div>\n\t\t\t\t\t<\/div>\n\t\t<\/div>\n\t\t\t\t<div class=\"elementor-column elementor-col-33 elementor-top-column elementor-element elementor-element-da8133a\" data-id=\"da8133a\" data-element_type=\"column\">\n\t\t\t<div class=\"elementor-widget-wrap\">\n\t\t\t\t\t\t\t\t\t<\/div>\n\t\t<\/div>\n\t\t\t\t\t\t\t<\/div>\n\t\t<\/section>\n\t\t\t\t\t\t<\/div>\n\t\t\t\t\t<\/div>\n\t\t","protected":false},"excerpt":{"rendered":"<p>BENEFICIOS DE LA LINEA DE CREDITOS POTENCIAR INDUSTRIA JUJUY El reciente convenio celebrado entre la Provincia de Jujuy y el Banco de la Naci\u00f3n Argentina, tiene como objetivo potenciar las Micro, Peque\u00f1as<a class=\"moretag\" href=\"https:\/\/www.produccion.jujuy.gob.ar\/?page_id=7496\">Leer m\u00e1s&#8230;<\/a><\/p>\n","protected":false},"author":1,"featured_media":0,"parent":0,"menu_order":0,"comment_status":"closed","ping_status":"closed","template":"page-sidebar.php","meta":[],"yoast_head":"<!-- This site is optimized with the Yoast SEO plugin v18.3 - https:\/\/yoast.com\/wordpress\/plugins\/seo\/ -->\n<title>Potenciar Industria - Ministerio de Desarrollo Econ\u00f3mico y Producci\u00f3n<\/title>\n<meta name=\"robots\" content=\"index, follow, max-snippet:-1, max-image-preview:large, max-video-preview:-1\" \/>\n<link rel=\"canonical\" href=\"http:\/\/www.produccion.jujuy.gob.ar\/?page_id=7496\" \/>\n<meta property=\"og:locale\" content=\"es_ES\" \/>\n<meta property=\"og:type\" content=\"article\" \/>\n<meta property=\"og:title\" content=\"Potenciar Industria - Ministerio de Desarrollo Econ\u00f3mico y Producci\u00f3n\" \/>\n<meta property=\"og:description\" content=\"BENEFICIOS DE LA LINEA DE CREDITOS POTENCIAR INDUSTRIA JUJUY El reciente convenio celebrado entre la Provincia de Jujuy y el Banco de la Naci\u00f3n Argentina, tiene como objetivo potenciar las Micro, Peque\u00f1asLeer m\u00e1s...\" \/>\n<meta property=\"og:url\" content=\"http:\/\/www.produccion.jujuy.gob.ar\/?page_id=7496\" \/>\n<meta property=\"og:site_name\" content=\"Ministerio de Desarrollo Econ\u00f3mico y Producci\u00f3n\" \/>\n<meta property=\"article:modified_time\" content=\"2024-07-31T14:04:15+00:00\" \/>\n<meta name=\"twitter:card\" content=\"summary_large_image\" \/>\n<meta name=\"twitter:label1\" content=\"Tiempo de lectura\" \/>\n\t<meta name=\"twitter:data1\" content=\"1 minuto\" \/>\n<script type=\"application\/ld+json\" class=\"yoast-schema-graph\">{\"@context\":\"https:\/\/schema.org\",\"@graph\":[{\"@type\":\"WebSite\",\"@id\":\"http:\/\/www.produccion.jujuy.gob.ar\/#website\",\"url\":\"http:\/\/www.produccion.jujuy.gob.ar\/\",\"name\":\"Ministerio de Desarrollo Econ\u00f3mico y Producci\u00f3n\",\"description\":\"\",\"potentialAction\":[{\"@type\":\"SearchAction\",\"target\":{\"@type\":\"EntryPoint\",\"urlTemplate\":\"http:\/\/www.produccion.jujuy.gob.ar\/?s={search_term_string}\"},\"query-input\":\"required name=search_term_string\"}],\"inLanguage\":\"es\"},{\"@type\":\"WebPage\",\"@id\":\"http:\/\/www.produccion.jujuy.gob.ar\/?page_id=7496#webpage\",\"url\":\"http:\/\/www.produccion.jujuy.gob.ar\/?page_id=7496\",\"name\":\"Potenciar Industria - Ministerio de Desarrollo Econ\u00f3mico y Producci\u00f3n\",\"isPartOf\":{\"@id\":\"http:\/\/www.produccion.jujuy.gob.ar\/#website\"},\"datePublished\":\"2024-06-28T15:52:49+00:00\",\"dateModified\":\"2024-07-31T14:04:15+00:00\",\"breadcrumb\":{\"@id\":\"http:\/\/www.produccion.jujuy.gob.ar\/?page_id=7496#breadcrumb\"},\"inLanguage\":\"es\",\"potentialAction\":[{\"@type\":\"ReadAction\",\"target\":[\"http:\/\/www.produccion.jujuy.gob.ar\/?page_id=7496\"]}]},{\"@type\":\"BreadcrumbList\",\"@id\":\"http:\/\/www.produccion.jujuy.gob.ar\/?page_id=7496#breadcrumb\",\"itemListElement\":[{\"@type\":\"ListItem\",\"position\":1,\"name\":\"Portada\",\"item\":\"https:\/\/www.produccion.jujuy.gob.ar\/\"},{\"@type\":\"ListItem\",\"position\":2,\"name\":\"Potenciar Industria\"}]}]}<\/script>\n<!-- \/ Yoast SEO plugin. -->","yoast_head_json":{"title":"Potenciar Industria - Ministerio de Desarrollo Econ\u00f3mico y Producci\u00f3n","robots":{"index":"index","follow":"follow","max-snippet":"max-snippet:-1","max-image-preview":"max-image-preview:large","max-video-preview":"max-video-preview:-1"},"canonical":"http:\/\/www.produccion.jujuy.gob.ar\/?page_id=7496","og_locale":"es_ES","og_type":"article","og_title":"Potenciar Industria - Ministerio de Desarrollo Econ\u00f3mico y Producci\u00f3n","og_description":"BENEFICIOS DE LA LINEA DE CREDITOS POTENCIAR INDUSTRIA JUJUY El reciente convenio celebrado entre la Provincia de Jujuy y el Banco de la Naci\u00f3n Argentina, tiene como objetivo potenciar las Micro, Peque\u00f1asLeer m\u00e1s...","og_url":"http:\/\/www.produccion.jujuy.gob.ar\/?page_id=7496","og_site_name":"Ministerio de Desarrollo Econ\u00f3mico y Producci\u00f3n","article_modified_time":"2024-07-31T14:04:15+00:00","twitter_card":"summary_large_image","twitter_misc":{"Tiempo de lectura":"1 minuto"},"schema":{"@context":"https:\/\/schema.org","@graph":[{"@type":"WebSite","@id":"http:\/\/www.produccion.jujuy.gob.ar\/#website","url":"http:\/\/www.produccion.jujuy.gob.ar\/","name":"Ministerio de Desarrollo Econ\u00f3mico y Producci\u00f3n","description":"","potentialAction":[{"@type":"SearchAction","target":{"@type":"EntryPoint","urlTemplate":"http:\/\/www.produccion.jujuy.gob.ar\/?s={search_term_string}"},"query-input":"required name=search_term_string"}],"inLanguage":"es"},{"@type":"WebPage","@id":"http:\/\/www.produccion.jujuy.gob.ar\/?page_id=7496#webpage","url":"http:\/\/www.produccion.jujuy.gob.ar\/?page_id=7496","name":"Potenciar Industria - Ministerio de Desarrollo Econ\u00f3mico y Producci\u00f3n","isPartOf":{"@id":"http:\/\/www.produccion.jujuy.gob.ar\/#website"},"datePublished":"2024-06-28T15:52:49+00:00","dateModified":"2024-07-31T14:04:15+00:00","breadcrumb":{"@id":"http:\/\/www.produccion.jujuy.gob.ar\/?page_id=7496#breadcrumb"},"inLanguage":"es","potentialAction":[{"@type":"ReadAction","target":["http:\/\/www.produccion.jujuy.gob.ar\/?page_id=7496"]}]},{"@type":"BreadcrumbList","@id":"http:\/\/www.produccion.jujuy.gob.ar\/?page_id=7496#breadcrumb","itemListElement":[{"@type":"ListItem","position":1,"name":"Portada","item":"https:\/\/www.produccion.jujuy.gob.ar\/"},{"@type":"ListItem","position":2,"name":"Potenciar Industria"}]}]}},"_links":{"self":[{"href":"https:\/\/www.produccion.jujuy.gob.ar\/index.php?rest_route=\/wp\/v2\/pages\/7496"}],"collection":[{"href":"https:\/\/www.produccion.jujuy.gob.ar\/index.php?rest_route=\/wp\/v2\/pages"}],"about":[{"href":"https:\/\/www.produccion.jujuy.gob.ar\/index.php?rest_route=\/wp\/v2\/types\/page"}],"author":[{"embeddable":true,"href":"https:\/\/www.produccion.jujuy.gob.ar\/index.php?rest_route=\/wp\/v2\/users\/1"}],"replies":[{"embeddable":true,"href":"https:\/\/www.produccion.jujuy.gob.ar\/index.php?rest_route=%2Fwp%2Fv2%2Fcomments&post=7496"}],"version-history":[{"count":50,"href":"https:\/\/www.produccion.jujuy.gob.ar\/index.php?rest_route=\/wp\/v2\/pages\/7496\/revisions"}],"predecessor-version":[{"id":7676,"href":"https:\/\/www.produccion.jujuy.gob.ar\/index.php?rest_route=\/wp\/v2\/pages\/7496\/revisions\/7676"}],"wp:attachment":[{"href":"https:\/\/www.produccion.jujuy.gob.ar\/index.php?rest_route=%2Fwp%2Fv2%2Fmedia&parent=7496"}],"curies":[{"name":"wp","href":"https:\/\/api.w.org\/{rel}","templated":true}]}}